{"id":2,"date":"2010-12-21T13:05:07","date_gmt":"2010-12-21T13:05:07","guid":{"rendered":"http:\/\/lithiavoyance.com\/blog\/?page_id=2"},"modified":"2011-10-26T14:23:57","modified_gmt":"2011-10-26T12:23:57","slug":"a-propos","status":"publish","type":"page","link":"https:\/\/www.lithiavoyance.com\/blog\/a-propos\/","title":{"rendered":"\u00c0 propos"},"content":{"rendered":"<p>Tout ces billets sont \u00e9crits par moi,Lithia. Le contenu de ce blog est prot\u00e9g\u00e9 par les droits d&rsquo;auteur.<\/p>\n<p>En vertu de l&rsquo;article L.122-4 du code de la propri\u00e9t\u00e9 intellectuelle, toute reproduction, m\u00eame partielle, est interdite sans mon consentement. \u00a9 Ecrit par lithia. Merci de respecter les droits d&rsquo;auteur.<\/p>\n<p>Les\u00a0auteurs des photos seront cit\u00e9s sauf oubli de ma part. Il se peut que je ne retrouve pas toutes les sources. Dans ce cas, si vos photos sont publi\u00e9es sans votre nom et que cela vous pose probl\u00e8me, je rectifierai.<\/p>\n","protected":false},"excerpt":{"rendered":"<p>Tout ces billets sont \u00e9crits par moi,Lithia. Le contenu de ce blog est prot\u00e9g\u00e9 par les droits d&rsquo;auteur. En vertu de l&rsquo;article L.122-4 du code de la propri\u00e9t\u00e9 intellectuelle, toute reproduction, m\u00eame partielle, est interdite sans mon consentement. \u00a9 Ecrit par lithia. Merci de respecter les droits d&rsquo;auteur. Les\u00a0auteurs des photos seront cit\u00e9s sauf oubli [&hellip;]<\/p>\n","protected":false},"author":1,"featured_media":0,"parent":0,"menu_order":0,"comment_status":"open","ping_status":"open","template":"","meta":{"footnotes":""},"class_list":["post-2","page","type-page","status-publish","hentry"],"_links":{"self":[{"href":"https:\/\/www.lithiavoyance.com\/blog\/wp-json\/wp\/v2\/pages\/2","targetHints":{"allow":["GET"]}}],"collection":[{"href":"https:\/\/www.lithiavoyance.com\/blog\/wp-json\/wp\/v2\/pages"}],"about":[{"href":"https:\/\/www.lithiavoyance.com\/blog\/wp-json\/wp\/v2\/types\/page"}],"author":[{"embeddable":true,"href":"https:\/\/www.lithiavoyance.com\/blog\/wp-json\/wp\/v2\/users\/1"}],"replies":[{"embeddable":true,"href":"https:\/\/www.lithiavoyance.com\/blog\/wp-json\/wp\/v2\/comments?post=2"}],"version-history":[{"count":10,"href":"https:\/\/www.lithiavoyance.com\/blog\/wp-json\/wp\/v2\/pages\/2\/revisions"}],"predecessor-version":[{"id":6,"href":"https:\/\/www.lithiavoyance.com\/blog\/wp-json\/wp\/v2\/pages\/2\/revisions\/6"}],"wp:attachment":[{"href":"https:\/\/www.lithiavoyance.com\/blog\/wp-json\/wp\/v2\/media?parent=2"}],"curies":[{"name":"wp","href":"https:\/\/api.w.org\/{rel}","templated":true}]}}